-7
Let f(w) = -2*w - 46 + w + 38. Let g(x) = -2*x - 15. Let h(s) = -7*f(s) + 4*g(s). Give h(6).
-10
Let t be 1*36 + 20/(-5). Let j(r) = -t*r**2 - 34*r**2 + 69*r**2. Suppose a = -5*c + 15 - 4, -10 = -2*a - 4*c. Determine j(a).
3
Let u(g) be the second derivative of g**4/12 - g**3 - 3*g**2/2 + 2*g. Suppose -5*h - 17 = -y, 4*y + 3*h + 13 + 34 = 0. Let t = -1 - y. Give u(t).
4
Let l be 20/(-15)*3 + 3. Let s be 594/(-18)*(0 - l/3). Let r(w) = -w**3 - 11*w**2 + 2*w + 14. Calculate r(s).
-8
Let c(f) = -3*f - 4. Let q(u) = 4*u + 5. Let v(h) = 5*c(h) + 4*q(h). Let r be 5/(-6) + (-1810)/(-12). Let m = r + -144. Determine v(m).
6
Let c(h) be the third derivative of -h**4/12 + 9*h**3/2 - 212*h**2. What is c(11)?
5
Let d = -8 - -11. Suppose 8 = -i + d*i. Suppose 0*w + 4 = -3*q - w, -4*w = -i*q - 16. Let s(f) = f**3 + 3*f**2. Calculate s(q).
4
Let o(r) = -2*r - 5*r - 20 - 13*r + 21*r. Calculate o(10).
-10
Let h(a) = -8 - 5*a - 3*a + 2*a**2 - 3*a**2. Let m(x) be the first derivative of x**4/4 + 5*x**3/3 - 6*x - 1. Let c be m(-5). Determine h(c).
4
Let n(o) = -o + 1. Let t(h) = -5*h + 4. Let y(a) = -4*a + 4. Let u(d) = 2*t(d) - 3*y(d). Suppose 2*i - 6 = -4. Let l(m) = i*u(m) + 4*n(m). What is l(4)?
-8
Suppose 10*r - 262 = 8. Suppose 3*t - r = -5*x + 4, -4*x = 5*t - 30. Let c(a) = -5*a**2 - a. Determine c(t).
-22
Let j(r) = -r**3 + 6*r**2 + 39*r - 20. Let n(q) = q**3 - 7*q**2 - 38*q + 22. Let s(y) = 6*j(y) + 7*n(y). Calculate s(15).
4
Suppose -5*p + 4 = g - 16, -2*g + 96 = -4*p. Let h be g/(-16)*12/(-10). Let s(d) = -d**3 + 4*d**2. Calculate s(h).
9
Let z(q) = -q + 9. Let l be z(7). Suppose -3*y - 2*s + 1193 = 2*s, 794 = 2*y + 3*s. Let m(a) = -y*a + 2 + 403*a - a**2. Calculate m(l).
-2
Let b(y) be the second derivative of -y**3/3 + 37*y**2/2 + 27*y - 2. Calculate b(16).
5
Suppose -5*m - 50 = 4*u, -25*u = -4*m - 24*u - 19. Let q(g) = -2*g - 7. Determine q(m).
5
Let a(b) be the third derivative of -b**6/120 + 5*b**4/24 + 2*b**3/3 - b**2 - 71*b. What is a(-3)?
16
Let q be (-1578)/(-54) + (-4)/18. Let y(a) = 16 - q + 13 - 4*a. Give y(-1).
4
Suppose -4*r - 2*h + 30 = r, -r - 3*h = -19. Let g(x) = 3*x + 9. Let q(k) = k + 4. Let n(v) = r*g(v) - 9*q(v). Suppose 54*j + 0*j - 162 = 0. Calculate n(j).
9
Let k(a) be the third derivative of 0 + 2/3*a**3 + 1/24*a**4 - 1/60*a**5 + 5*a**2 + 0*a. Let x be (1*-1)/(7/(-28)). Calculate k(x).
-8
Let c(f) = -f**3 + 7*f**2 - 4*f - 1. Let o be (-390)/(-75) + (-3)/15. What is c(o)?
29
Let b = 394 - 396. Let y(i) = 8*i**2 - i - 2. Let f(d) = -12*d**2 + d + 3. Let c(n) = -5*f(n) - 7*y(n). Give c(b).
11
Let t(u) = u**2 + 4*u + 6. Let l(j) = -4*j**2 + 9*j + 8. Let z(n) = 11*n**2 - 26*n - 23. Let o(w) = 8*l(w) + 3*z(w). Let d be o(6). What is t(d)?
11
Let o(s) = s**3 - 15*s**2 + 11*s - 28. Let t(p) = p**3 - 15*p**2 + 12*p - 26. Let w(a) = 3*o(a) - 4*t(a). Calculate w(14).
6
Let r(u) = 6*u**3 - 2*u**2 + 1. Suppose -17*g = -13*g - 264. Let a = 67 - g. Calculate r(a).
5
Let f(d) = -d**2 - 8*d - 10. Let n(v) = -2*v**3 - 10 + 9 + 3*v - v**2 + 2*v**2. Let o be n(2). Let x be f(o). Let i(k) = 4*k + 4. Determine i(x).
-8
Let z(h) = -328 - 12*h + 328. Give z(1).
-12
Let y(r) = -1821 - 1811 + 3640 + 2*r**2 - 8*r. What is y(4)?
8
Suppose 0 = -o - 3*o + 16. Let c(t) = -74*t**2 + 33*t**2 - 6*t - 2 - 2*t + 37*t**2 + 10*t + t**3. What is c(o)?
6
Let n = 326 - 321. Let z(p) = 20*p**2 - 38*p + 32. Suppose -1 = g + 5. Let b(o) = 7*o**2 - 13*o + 11. Let m(x) = g*z(x) + 17*b(x). What is m(n)?
5
Let p(l) = -3 - 4*l - l**2 + 3*l**2 + 11*l - 8*l. What is p(4)?
25
Let n(c) be the third derivative of -1/24*c**4 + 11/6*c**3 - 10*c**2 + 0 + 0*c. Determine n(5).
6
Let c(v) = v**3 + 1582*v + 11*v**2 + 9 + 8 - 1593*v - 6. Determine c(-12).
-1
Let n(u) = 5*u - u**2 - 4 - 2*u + 0*u**2. Suppose -3*a = 21 + 27. Let b = a + 20. What is n(b)?
-8
Let w(i) = 2*i**2 - 2*i - 4. Let b(u) = 19 + 3*u - 6*u**2 - 8 + 2*u. Let q(s) = -4*b(s) - 11*w(s). Let v be (-1)/(0 + (-1)/(-2)). Calculate q(v).
4
Let y be ((-12)/15)/((-4)/10). Let v(p) = -8*p + 2 - 6 + 6. Give v(y).
-14
Let g(d) = -d**2 + 15*d - 26. Let o be g(12). Let k(c) = o - 16 + 4*c**3 - 8*c**2 + 7 - 6*c - 5*c**3. Give k(-7).
-6
Suppose 26*f = 79*f + 212. Let u(b) = -b**3 - 3*b**2 + 3*b + 2. Determine u(f).
6
Let g(h) = h**2 - 6*h - 1. Let k = -2445 + 2453. What is g(k)?
15
Let p(k) = -4*k - 35. Let o(q) = -q - 12. Let c(d) = -7*o(d) + 2*p(d). Let s(i) = i**2 - 5*i - 38. Let a be s(-9). Suppose -12*t = -a + 16. Determine c(t).
8
Let q(y) = -y + 4. Suppose -4*m = -10 - 6. Let c(o) = -o**3 + 3*o**2 + 8*o - 10. Let b be c(m). Suppose -2*r + 3*t = -b, 2*r + 2*r = t + 12. Determine q(r).
1
Let c(n) = -n + 5. Let z = 42 + -32. Suppose 5*d - 5*x = 10, -12*d = -z*d + 2*x - 24. What is c(d)?
-2
Let f(z) = z**2 + z - 2. Suppose -6*d = 24 - 6. Give f(d).
4
Let f = -3 + -3. Let m(v) = -v**2 + 11*v - 7. Let n be m(10). Let x(g) = 0 + 5*g**n - 2 - 4*g**3 + 6*g**2. What is x(f)?
-2
Suppose 2*d - 3 = 3*d. Let o(m) = -m**2 + 14*m + 77. Let j be o(18). Let f(p) = -p + j - 4 - 4. What is f(d)?
0
Let q(k) = -2*k - 3. Suppose -3*x - 7 + 0 = -5*n, -3*n = x - 21. Calculate q(x).
-15
Suppose -3*j - 202*v + 18 = -201*v, 4*v + 12 = 0. Let d(z) = 2*z - 18. What is d(j)?
-4
Let l(m) = -7*m**2 - 6*m - 6. Let f(p) = -p**2. Let g(t) = -6*f(t) + l(t). Let k(o) = 23*o - 28. Let z be k(1). Calculate g(z).
-1
Let l(k) be the second derivative of k**3/3 + 3*k**2/2 - k - 119. Calculate l(-4).
-5
Let v = -9 + 3. Let l(o) = -o - 18. Let w(j) = -11*j + 18. Let f(t) = 5*t - 9. Let b(h) = -13*f(h) - 6*w(h). Let c(y) = 5*b(y) + 2*l(y). Give c(v).
-9
Let o = -29 - -30. Suppose 9*f + o = 4*f + 2*s, -2*f - 3*s + 11 = 0. Let u(x) = -13*x**2 - 1. Give u(f).
-14
Let t be (-22)/(-3)*(-12)/4. Let b = t - -18. Let y(z) = z**3 + 6*z**2 + 5*z + 6. What is y(b)?
18
Let w be 5/((-135)/(-6)) - (-395)/45. Let t(s) = -s**2 + 9*s - 5. What is t(w)?
-5
Suppose -3*g - 3*z + 16 = z, -5*z = -5*g + 50. Let u(n) = -2*n + 14. Calculate u(g).
-2
Let i(n) be the third derivative of n**5/20 - n**4/24 + n**3/3 + 61*n**2. Give i(2).
12
Let y(b) be the third derivative of -b**6/120 + b**5/15 + b**4/6 - 2*b**3/3 - 2*b**2. Let d = 188 + -184. Determine y(d).
12
Let g = 51 - 45. Let s(i) = 7*i**2 + 19*i + 14. Let o(b) = 3*b**2 + 9*b + 7. Let a(x) = -9*o(x) + 4*s(x). Determine a(g).
-1
Let p(z) be the second derivative of -z**3/2 - 4*z**2 + 65*z + 1. Determine p(-10).
22
Let j(h) = 7*h**2 - h - 10. Let c(a) = -24*a**2 - a + 25. Let n(p) = -p**2 - p - 1. Let s(g) = c(g) - 4*n(g). Let u(v) = -17*j(v) - 6*s(v). Determine u(0).
-4
Let g(x) = x**2 - 8*x - 10. Let o be g(9). Let t(m) = m. Let y(i) = i**2 - 1. Let s(q) = o*y(q) - 2*t(q). Determine s(2).
-7
Let r(i) = -i**2 + 6*i - 1. Let m be -3 + -5*32/(-20). Give r(m).
4
Let s be (-54 + 60)*((-1)/1)/(-6). Let r(q) = 2 - 5*q + s - 3*q + 7*q. What is r(6)?
-3
Let a(t) = 13*t**3 + 13*t**2 + 2*t - 66. Let o(x) = 7*x**3 + 7*x**2 + x - 33. Let z(g) = 6*a(g) - 11*o(g). Give z(0).
-33
Let k(q) = 1248 + 1250 - 3742 + 0*q + 4*q + 1239. Suppose 4*a - 3*z - 27 = 0, -z - 4 = -a + 3. Calculate k(a).
19
Let z(d) = 2*d + 8. Let r(h) = 1. Suppose 3*j - 8*j = -25. Let a(n) = j*r(n) - z(n). Let y be (-3 - -1)/((-1)/(-2)). Give a(y).
5
Let f(r) be the first derivative of 5*r**4/4 - r**2/2 - r - 7. Determine f(2).
37
Let f(h) = -h - 25. Let b(t) = 2*t + 23. Let m(w) = -5*b(w) - 6*f(w). Calculate m(10).
-5
Let d(a) = 0 + a - 25 + 12. What is d(20)?
7
Let w(r) = -r**3 + 7*r**2 - r + 6. Let g be 1 + 1/(5/(-80)). Let b = g - -19. Suppose 0 = -y + b*y - 21. What is w(y)?
-1
Let x(l) be the second derivative of -1/6*l**3 + 1/120*l**5 + 0*l**4 + 7*l + 0 - 1/120*l**6 + 0*l**2. Let q(f) be the second derivative of x(f). Give q(-1).
-4
Suppose -v = 3*k - 3*v - 2, -k = 5*v + 22. Let c be ((-7)/14)/(k/12). Let a(b) = 5*b - 5 + 0*b**2 + 1 + 0*b**2 + b**3 - 4*b**2. Determine a(c).
2
Let h(t) be the second derivative of -3*t**5/20 + t**3/6 - t**2/2 + 38*t. Determine h(1).
-3
Let c(u) be the second derivative of 1/120*u**5 - 3*u - 1/24*u**4 + 0*u**2 + 0 - 1/3*u**3. Let w(q) be the second derivative of c(q). Give w(-4).
-5
Let g(n) = n**2 - n. Let a(i) = 7*i**2 - 6*i - 4. Let v(k) = a(k) - 6*g(k). Suppose -2*c - 11 = -31. Let m = 14 - c. What is v(m)?
12
Let o = 439 + -439. Let d(y) = -y